{"id":12026,"date":"2024-04-07T16:08:45","date_gmt":"2024-04-07T16:08:45","guid":{"rendered":"https:\/\/verdebrillante.it\/?page_id=12026"},"modified":"2025-09-29T13:13:57","modified_gmt":"2025-09-29T13:13:57","slug":"recuperi-ambientali","status":"publish","type":"page","link":"https:\/\/verdebrillante.it\/index.php\/recuperi-ambientali\/","title":{"rendered":"Recuperi Ambientali"},"content":{"rendered":"\t\t<div data-elementor-type=\"wp-page\" data-elementor-id=\"12026\" class=\"elementor elementor-12026\">\n\t\t\t\t<div class=\"elementor-element elementor-element-2406af9 e-flex e-con-boxed e-con e-parent\" data-id=\"2406af9\" data-element_type=\"container\">\n\t\t\t\t\t<div class=\"e-con-inner\">\n\t\t\t\t<div class=\"elementor-element elementor-element-25c455b elementor-widget elementor-widget-heading\" data-id=\"25c455b\" data-element_type=\"widget\" data-widget_type=\"heading.default\">\n\t\t\t\t<div class=\"elementor-widget-container\">\n\t\t\t\t\t<h1 class=\"elementor-heading-title elementor-size-default\">Recuperi Ambientali<\/h1>\t\t\t\t<\/div>\n\t\t\t\t<\/div>\n\t\t\t\t\t<\/div>\n\t\t\t\t<\/div>\n\t\t\t\t<section class=\"elementor-section elementor-top-section elementor-element elementor-element-fb4c5a8 elementor-section-boxed elementor-section-height-default elementor-section-height-default\" data-id=\"fb4c5a8\" data-element_type=\"section\">\n\t\t\t\t\t\t<div class=\"elementor-container elementor-column-gap-default\">\n\t\t\t\t\t<div class=\"elementor-column elementor-col-50 elementor-top-column elementor-element elementor-element-cfdc0e7\" data-id=\"cfdc0e7\" data-element_type=\"column\">\n\t\t\t<div class=\"elementor-widget-wrap elementor-element-populated\">\n\t\t\t\t\t\t<section class=\"elementor-section elementor-inner-section elementor-element elementor-element-0005cc3 elementor-section-boxed elementor-section-height-default elementor-section-height-default\" data-id=\"0005cc3\" data-element_type=\"section\">\n\t\t\t\t\t\t<div class=\"elementor-container elementor-column-gap-default\">\n\t\t\t\t\t<div class=\"elementor-column elementor-col-100 elementor-inner-column elementor-element elementor-element-d01b7f7\" data-id=\"d01b7f7\" data-element_type=\"column\">\n\t\t\t<div class=\"elementor-widget-wrap\">\n\t\t\t\t\t\t\t<\/div>\n\t\t<\/div>\n\t\t\t\t\t<\/div>\n\t\t<\/section>\n\t\t\t\t<div class=\"elementor-element elementor-element-bd645fe elementor-widget elementor-widget-witr_section_t_widget\" data-id=\"bd645fe\" data-element_type=\"widget\" data-widget_type=\"witr_section_t_widget.default\">\n\t\t\t\t<div class=\"elementor-widget-container\">\n\t\t\t\t\t\t\t\t\t\t<!-- text widget center -->\n\t\t\t\t\t<div class=\"witr_text_widget\">\n\t\t\t\t\t\t<div class=\"witr_text_widget_inner\">\n\t\t\t\t\t\t\t<!-- text widget top -->\n\t\t\t\t\t\t\t\t\t\t\t\t\t\n\t\t\t\t\t\t\t<!-- text widget middle -->\n\t\t\t\t\t\t\t\t\t\t\t\t\t\t<!-- text widget bottom -->\n\t\t\t\t\t\t\t\t\t\t\t\t\t\n\t\t\t\t\t\t\t<!-- content -->\n\t\t\t\t\t\t\t\t\t\t\t\t\t\t\t<p><div class=\"elementor-element elementor-element-88b1300 elementor-widget elementor-widget-heading\" data-id=\"88b1300\" data-element_type=\"widget\" data-widget_type=\"heading.default\"><div class=\"elementor-widget-container\"><p align=\"JUSTIFY\"><span style=\"font-size: medium;\">Grazie all\u2019utilizzo di apposite tecniche agronomiche combinate a sistemi base di ingegneria naturalistica, VERDE BRILLANTE pu\u00f2 eseguire innumerevoli <\/span><span style=\"font-size: medium;\"><b>sistemazioni e messa in sicurezza di scarpate e pendii<\/b><\/span><span style=\"font-size: medium;\">.<\/span><\/p><p align=\"JUSTIFY\"><span style=\"font-size: medium;\">In questo modo \u00e8 cos\u00ec possibile valutarne la pericolosit\u00e0 e ottenere il miglior risultato estetico e funzionale, rendendo inoltre sfruttabili aree che altrimenti sarebbero soltanto luoghi pericolosi.<\/span><\/p><\/div><\/div><\/p>\t\t\n\t\t\t\t\t\t\t\t\t\t\t\t\t\t\n\t\t\t\t\t\t\t<!--- List content --->\n\t\t\t\t\t\t\t<div class=\"witr_widget_list\">\n\t\t\t\t\t\t\t\t<ul>\t\t\t\t\t\t\t\n\t\t\t\t\t\t\t\t\t\t\t\t\t\t\t\t\t<\/ul>\n\t\t\t\t\t\t\t\t\t\n\t\t\t\t\t\t\t<\/div>\t\t\t\t\t\t\t\n\t\t\t\t\t\t<\/div>\n\t\t\t\t\t<\/div>\n\n\t\t\t\t\t\t\t\t<\/div>\n\t\t\t\t<\/div>\n\t\t\t\t<section class=\"elementor-section elementor-inner-section elementor-element elementor-element-7c7aa2c elementor-section-boxed elementor-section-height-default elementor-section-height-default\" data-id=\"7c7aa2c\" data-element_type=\"section\">\n\t\t\t\t\t\t<div class=\"elementor-container elementor-column-gap-default\">\n\t\t\t\t\t<div class=\"elementor-column elementor-col-50 elementor-inner-column elementor-element elementor-element-109c005\" data-id=\"109c005\" data-element_type=\"column\">\n\t\t\t<div class=\"elementor-widget-wrap elementor-element-populated\">\n\t\t\t\t\t\t<div class=\"elementor-element elementor-element-02eb69e elementor-widget elementor-widget-witr_section_t_widget\" data-id=\"02eb69e\" data-element_type=\"widget\" data-widget_type=\"witr_section_t_widget.default\">\n\t\t\t\t<div class=\"elementor-widget-container\">\n\t\t\t\t\t\t\t\t\t\t<!-- text widget center -->\n\t\t\t\t\t<div class=\"witr_text_widget\">\n\t\t\t\t\t\t<div class=\"witr_text_widget_inner\">\n\t\t\t\t\t\t\t<!-- text widget top -->\n\t\t\t\t\t\t\t\t\t\t\t\t\t\n\t\t\t\t\t\t\t<!-- text widget middle -->\n\t\t\t\t\t\t\t\t\t\t\t\t\t\t<!-- text widget bottom -->\n\t\t\t\t\t\t\t\t\t\t\t\t\t\n\t\t\t\t\t\t\t<!-- content -->\n\t\t\t\t\t\t\t\t\t\t\t\t\t\t\n\t\t\t\t\t\t\t<!--- List content --->\n\t\t\t\t\t\t\t<div class=\"witr_widget_list\">\n\t\t\t\t\t\t\t\t<ul>\t\t\t\t\t\t\t\n\t\t\t\t\t\t\t\t\t\t\t\t\t\t\t\t\t<\/ul>\n\t\t\t\t\t\t\t\t\t\n\t\t\t\t\t\t\t<\/div>\t\t\t\t\t\t\t\n\t\t\t\t\t\t<\/div>\n\t\t\t\t\t<\/div>\n\n\t\t\t\t\t\t\t\t<\/div>\n\t\t\t\t<\/div>\n\t\t\t\t<div class=\"elementor-element elementor-element-db3e30b elementor-widget elementor-widget-image\" data-id=\"db3e30b\" data-element_type=\"widget\" data-widget_type=\"image.default\">\n\t\t\t\t<div class=\"elementor-widget-container\">\n\t\t\t\t\t\t\t\t\t\t\t\t\t\t\t<img fetchpriority=\"high\" decoding=\"async\" width=\"776\" height=\"1024\" src=\"https:\/\/verdebrillante.it\/wp-content\/uploads\/2025\/09\/Bonifica1-776x1024.jpg\" class=\"attachment-large size-large wp-image-12823\" alt=\"\" srcset=\"https:\/\/verdebrillante.it\/wp-content\/uploads\/2025\/09\/Bonifica1-776x1024.jpg 776w, https:\/\/verdebrillante.it\/wp-content\/uploads\/2025\/09\/Bonifica1-227x300.jpg 227w, https:\/\/verdebrillante.it\/wp-content\/uploads\/2025\/09\/Bonifica1-768x1013.jpg 768w, https:\/\/verdebrillante.it\/wp-content\/uploads\/2025\/09\/Bonifica1-1164x1536.jpg 1164w, https:\/\/verdebrillante.it\/wp-content\/uploads\/2025\/09\/Bonifica1-500x660.jpg 500w, https:\/\/verdebrillante.it\/wp-content\/uploads\/2025\/09\/Bonifica1-800x1055.jpg 800w, https:\/\/verdebrillante.it\/wp-content\/uploads\/2025\/09\/Bonifica1.jpg 1213w\" sizes=\"(max-width: 776px) 100vw, 776px\" \/>\t\t\t\t\t\t\t\t\t\t\t\t\t\t\t<\/div>\n\t\t\t\t<\/div>\n\t\t\t\t<div class=\"elementor-element elementor-element-9e7d291 elementor-widget elementor-widget-image\" data-id=\"9e7d291\" data-element_type=\"widget\" data-widget_type=\"image.default\">\n\t\t\t\t<div class=\"elementor-widget-container\">\n\t\t\t\t\t\t\t\t\t\t\t\t\t\t\t<img decoding=\"async\" width=\"768\" height=\"1024\" src=\"https:\/\/verdebrillante.it\/wp-content\/uploads\/2025\/09\/Bonifica4-768x1024.jpg\" class=\"attachment-large size-large wp-image-12826\" alt=\"\" srcset=\"https:\/\/verdebrillante.it\/wp-content\/uploads\/2025\/09\/Bonifica4-768x1024.jpg 768w, https:\/\/verdebrillante.it\/wp-content\/uploads\/2025\/09\/Bonifica4-225x300.jpg 225w, https:\/\/verdebrillante.it\/wp-content\/uploads\/2025\/09\/Bonifica4-1152x1536.jpg 1152w, https:\/\/verdebrillante.it\/wp-content\/uploads\/2025\/09\/Bonifica4-500x667.jpg 500w, https:\/\/verdebrillante.it\/wp-content\/uploads\/2025\/09\/Bonifica4-800x1067.jpg 800w, https:\/\/verdebrillante.it\/wp-content\/uploads\/2025\/09\/Bonifica4.jpg 1200w\" sizes=\"(max-width: 768px) 100vw, 768px\" \/>\t\t\t\t\t\t\t\t\t\t\t\t\t\t\t<\/div>\n\t\t\t\t<\/div>\n\t\t\t\t\t<\/div>\n\t\t<\/div>\n\t\t\t\t<div class=\"elementor-column elementor-col-50 elementor-inner-column elementor-element elementor-element-1f5b92e\" data-id=\"1f5b92e\" data-element_type=\"column\">\n\t\t\t<div class=\"elementor-widget-wrap elementor-element-populated\">\n\t\t\t\t\t\t<div class=\"elementor-element elementor-element-506b434 elementor-widget elementor-widget-witr_section_t_widget\" data-id=\"506b434\" data-element_type=\"widget\" data-widget_type=\"witr_section_t_widget.default\">\n\t\t\t\t<div class=\"elementor-widget-container\">\n\t\t\t\t\t\t\t\t\t\t<!-- text widget center -->\n\t\t\t\t\t<div class=\"witr_text_widget\">\n\t\t\t\t\t\t<div class=\"witr_text_widget_inner\">\n\t\t\t\t\t\t\t<!-- text widget top -->\n\t\t\t\t\t\t\t\t\t\t\t\t\t\n\t\t\t\t\t\t\t<!-- text widget middle -->\n\t\t\t\t\t\t\t\t\t\t\t\t\t\t<!-- text widget bottom -->\n\t\t\t\t\t\t\t\t\t\t\t\t\t\n\t\t\t\t\t\t\t<!-- content -->\n\t\t\t\t\t\t\t\t\t\t\t\t\t\t\n\t\t\t\t\t\t\t<!--- List content --->\n\t\t\t\t\t\t\t<div class=\"witr_widget_list\">\n\t\t\t\t\t\t\t\t<ul>\t\t\t\t\t\t\t\n\t\t\t\t\t\t\t\t\t\t\t\t\t\t\t\t\t<\/ul>\n\t\t\t\t\t\t\t\t\t\n\t\t\t\t\t\t\t<\/div>\t\t\t\t\t\t\t\n\t\t\t\t\t\t<\/div>\n\t\t\t\t\t<\/div>\n\n\t\t\t\t\t\t\t\t<\/div>\n\t\t\t\t<\/div>\n\t\t\t\t<div class=\"elementor-element elementor-element-0e703e5 elementor-widget elementor-widget-image\" data-id=\"0e703e5\" data-element_type=\"widget\" data-widget_type=\"image.default\">\n\t\t\t\t<div class=\"elementor-widget-container\">\n\t\t\t\t\t\t\t\t\t\t\t\t\t\t\t<img decoding=\"async\" width=\"1024\" height=\"578\" src=\"https:\/\/verdebrillante.it\/wp-content\/uploads\/2025\/09\/Bonifica2-1024x578.jpg\" class=\"attachment-large size-large wp-image-12824\" alt=\"\" srcset=\"https:\/\/verdebrillante.it\/wp-content\/uploads\/2025\/09\/Bonifica2-1024x578.jpg 1024w, https:\/\/verdebrillante.it\/wp-content\/uploads\/2025\/09\/Bonifica2-300x169.jpg 300w, https:\/\/verdebrillante.it\/wp-content\/uploads\/2025\/09\/Bonifica2-768x433.jpg 768w, https:\/\/verdebrillante.it\/wp-content\/uploads\/2025\/09\/Bonifica2-1536x866.jpg 1536w, https:\/\/verdebrillante.it\/wp-content\/uploads\/2025\/09\/Bonifica2-500x282.jpg 500w, https:\/\/verdebrillante.it\/wp-content\/uploads\/2025\/09\/Bonifica2-800x451.jpg 800w, https:\/\/verdebrillante.it\/wp-content\/uploads\/2025\/09\/Bonifica2-1280x722.jpg 1280w, https:\/\/verdebrillante.it\/wp-content\/uploads\/2025\/09\/Bonifica2-1920x1083.jpg 1920w, https:\/\/verdebrillante.it\/wp-content\/uploads\/2025\/09\/Bonifica2.jpg 2000w\" sizes=\"(max-width: 1024px) 100vw, 1024px\" \/>\t\t\t\t\t\t\t\t\t\t\t\t\t\t\t<\/div>\n\t\t\t\t<\/div>\n\t\t\t\t<div class=\"elementor-element elementor-element-b7f59e8 elementor-widget elementor-widget-image\" data-id=\"b7f59e8\" data-element_type=\"widget\" data-widget_type=\"image.default\">\n\t\t\t\t<div class=\"elementor-widget-container\">\n\t\t\t\t\t\t\t\t\t\t\t\t\t\t\t<img loading=\"lazy\" decoding=\"async\" width=\"1024\" height=\"576\" src=\"https:\/\/verdebrillante.it\/wp-content\/uploads\/2025\/09\/Bonifica3-1024x576.jpg\" class=\"attachment-large size-large wp-image-12825\" alt=\"\" srcset=\"https:\/\/verdebrillante.it\/wp-content\/uploads\/2025\/09\/Bonifica3-1024x576.jpg 1024w, https:\/\/verdebrillante.it\/wp-content\/uploads\/2025\/09\/Bonifica3-300x169.jpg 300w, https:\/\/verdebrillante.it\/wp-content\/uploads\/2025\/09\/Bonifica3-768x432.jpg 768w, https:\/\/verdebrillante.it\/wp-content\/uploads\/2025\/09\/Bonifica3-1536x864.jpg 1536w, https:\/\/verdebrillante.it\/wp-content\/uploads\/2025\/09\/Bonifica3-500x281.jpg 500w, https:\/\/verdebrillante.it\/wp-content\/uploads\/2025\/09\/Bonifica3-800x450.jpg 800w, https:\/\/verdebrillante.it\/wp-content\/uploads\/2025\/09\/Bonifica3-1280x720.jpg 1280w, https:\/\/verdebrillante.it\/wp-content\/uploads\/2025\/09\/Bonifica3.jpg 1600w\" sizes=\"(max-width: 1024px) 100vw, 1024px\" \/>\t\t\t\t\t\t\t\t\t\t\t\t\t\t\t<\/div>\n\t\t\t\t<\/div>\n\t\t\t\t<div class=\"elementor-element elementor-element-8d90788 elementor-widget elementor-widget-image\" data-id=\"8d90788\" data-element_type=\"widget\" data-widget_type=\"image.default\">\n\t\t\t\t<div class=\"elementor-widget-container\">\n\t\t\t\t\t\t\t\t\t\t\t\t\t\t\t<img loading=\"lazy\" decoding=\"async\" width=\"1024\" height=\"578\" src=\"https:\/\/verdebrillante.it\/wp-content\/uploads\/2025\/09\/Bonifica5-1024x578.jpg\" class=\"attachment-large size-large wp-image-12827\" alt=\"\" srcset=\"https:\/\/verdebrillante.it\/wp-content\/uploads\/2025\/09\/Bonifica5-1024x578.jpg 1024w, https:\/\/verdebrillante.it\/wp-content\/uploads\/2025\/09\/Bonifica5-300x169.jpg 300w, https:\/\/verdebrillante.it\/wp-content\/uploads\/2025\/09\/Bonifica5-768x433.jpg 768w, https:\/\/verdebrillante.it\/wp-content\/uploads\/2025\/09\/Bonifica5-1536x866.jpg 1536w, https:\/\/verdebrillante.it\/wp-content\/uploads\/2025\/09\/Bonifica5-500x282.jpg 500w, https:\/\/verdebrillante.it\/wp-content\/uploads\/2025\/09\/Bonifica5-800x451.jpg 800w, https:\/\/verdebrillante.it\/wp-content\/uploads\/2025\/09\/Bonifica5-1280x722.jpg 1280w, https:\/\/verdebrillante.it\/wp-content\/uploads\/2025\/09\/Bonifica5-1920x1083.jpg 1920w, https:\/\/verdebrillante.it\/wp-content\/uploads\/2025\/09\/Bonifica5.jpg 2000w\" sizes=\"(max-width: 1024px) 100vw, 1024px\" \/>\t\t\t\t\t\t\t\t\t\t\t\t\t\t\t<\/div>\n\t\t\t\t<\/div>\n\t\t\t\t\t<\/div>\n\t\t<\/div>\n\t\t\t\t\t<\/div>\n\t\t<\/section>\n\t\t\t\t\t<\/div>\n\t\t<\/div>\n\t\t\t\t<div class=\"elementor-column elementor-col-50 elementor-top-column elementor-element elementor-element-245433d\" data-id=\"245433d\" data-element_type=\"column\">\n\t\t\t<div class=\"elementor-widget-wrap elementor-element-populated\">\n\t\t\t\t\t\t<div class=\"elementor-element elementor-element-01c25d6 poket-star-rating--align-center poket-star-rating--align-center elementor-widget elementor-widget-witr_section_list\" data-id=\"01c25d6\" data-element_type=\"widget\" data-widget_type=\"witr_section_list.default\">\n\t\t\t\t<div class=\"elementor-widget-container\">\n\t\t\t\t\t\t\t\n\t\t\t<div class=\"departmentList all_list_color\">\n\t\t\t\t<!-- title -->\n\t\t\t\t\t\t\t\t<h3>Guarda tutti i servizi <\/h3>\n\t\t\t\t\n\t\t\t\t\t<ul>\n\t\t\t\t\t\t\t\t\t\t\t\t\t\t\t\t\t\t<li>\n\t\t\t\t\t\t\t\t \n\t\t\t\t\t\t\t\t\t<a href=\"https:\/\/verdebrillante.it\/index.php\/progettazione-del-verde\/\">\n\t\t\t\t\t\t\t\t\t\t\t\t\t\t\t\t\t\t\t\t\t<i class=\"fas fa-angle-double-right\"><\/i>\n\t\t\t\t\t\t\t\t\t\tPROGETTAZIONE DEL VERDE<\/a>\n\t\t\t\t\t\t\t\t\t\t\t\t\t\t\t<li>\n\t\t\t\t\t\t\t\t \n\t\t\t\t\t\t\t\t\t<a href=\"https:\/\/verdebrillante.it\/index.php\/realizzazione-e-manutenzione-verde-pubblico-e-privato\/\">\n\t\t\t\t\t\t\t\t\t\t\t\t\t\t\t\t\t\t\t\t\t<i class=\"fas fa-angle-double-right\"><\/i>\n\t\t\t\t\t\t\t\t\t\tREALIZZAZIONE  E MANUTENZIONE VERDE PUBBLICO E PRIVATO<\/a>\n\t\t\t\t\t\t\t\t\t\t\t\t\t\t\t<li>\n\t\t\t\t\t\t\t\t \n\t\t\t\t\t\t\t\t\t<a href=\"https:\/\/verdebrillante.it\/index.php\/tappeti-erbosi-e-impianti-di-irrigazione\/\">\n\t\t\t\t\t\t\t\t\t\t\t\t\t\t\t\t\t\t\t\t\t<i class=\"fas fa-angle-double-right\"><\/i>\n\t\t\t\t\t\t\t\t\t\tTAPPETI ERBOSI EIMPIANTI DI IRRIGAZIONE<\/a>\n\t\t\t\t\t\t\t\t\t\t\t\t\t\t\t<li>\n\t\t\t\t\t\t\t\t \n\t\t\t\t\t\t\t\t\t<a href=\"https:\/\/verdebrillante.it\/index.php\/verde-pensile\/\">\n\t\t\t\t\t\t\t\t\t\t\t\t\t\t\t\t\t\t\t\t\t<i class=\"fas fa-angle-double-right\"><\/i>\n\t\t\t\t\t\t\t\t\t\tVERDE PENSILE<\/a>\n\t\t\t\t\t\t\t\t\t\t\t\t\t\t\t<li>\n\t\t\t\t\t\t\t\t \n\t\t\t\t\t\t\t\t\t<a href=\"https:\/\/verdebrillante.it\/index.php\/verde-verticale\/\">\n\t\t\t\t\t\t\t\t\t\t\t\t\t\t\t\t\t\t\t\t\t<i class=\"fas fa-angle-double-right\"><\/i>\n\t\t\t\t\t\t\t\t\t\tVERDE VERTICALE<\/a>\n\t\t\t\t\t\t\t\t\t\t\t\t\t\t\t<li>\n\t\t\t\t\t\t\t\t \n\t\t\t\t\t\t\t\t\t<a href=\"https:\/\/verdebrillante.it\/index.php\/idrosemina\/\">\n\t\t\t\t\t\t\t\t\t\t\t\t\t\t\t\t\t\t\t\t\t<i class=\"fas fa-angle-double-right\"><\/i>\n\t\t\t\t\t\t\t\t\t\tIDROSEMINA<\/a>\n\t\t\t\t\t\t\t\t\t\t\t\t\t\t\t<li>\n\t\t\t\t\t\t\t\t \n\t\t\t\t\t\t\t\t\t<a href=\"https:\/\/verdebrillante.it\/index.php\/recuperi-ambientali\/\">\n\t\t\t\t\t\t\t\t\t\t\t\t\t\t\t\t\t\t\t\t\t<i class=\"fas fa-angle-double-right\"><\/i>\n\t\t\t\t\t\t\t\t\t\tRECUPERI AMBIENTALI<\/a>\n\t\t\t\t\t\t\t\t\t\t\t\t\t\t\t<li>\n\t\t\t\t\t\t\t\t \n\t\t\t\t\t\t\t\t\t<a href=\"https:\/\/verdebrillante.it\/index.php\/allestimento-e-arredo-urbano\/\">\n\t\t\t\t\t\t\t\t\t\t\t\t\t\t\t\t\t\t\t\t\t<i class=\"fas fa-angle-double-right\"><\/i>\n\t\t\t\t\t\t\t\t\t\tALLESTIMENTO E ARREDO URBANO<\/a>\n\t\t\t\t\t\t\t\t\t\t\t\t\t\t\t<li>\n\t\t\t\t\t\t\t\t \n\t\t\t\t\t\t\t\t\t<a href=\"https:\/\/verdebrillante.it\/index.php\/area-tecnica\/\">\n\t\t\t\t\t\t\t\t\t\t\t\t\t\t\t\t\t\t\t\t\t<i class=\"fas fa-angle-double-right\"><\/i>\n\t\t\t\t\t\t\t\t\t\tAREA TECNICA<\/a>\n\t\t\t\t\t\t\t\t\t\t\t\t\t\t\t<li>\n\t\t\t\t\t\t\t\t \n\t\t\t\t\t\t\t\t\t<a href=\"https:\/\/verdebrillante.it\/index.php\/stone-hardscaping\/\">\n\t\t\t\t\t\t\t\t\t\t\t\t\t\t\t\t\t\t\t\t\t<i class=\"fas fa-angle-double-right\"><\/i>\n\t\t\t\t\t\t\t\t\t\tPOTATURE  E ABBATTIMENTO ALBERI <\/a>\n\t\t\t\t\t\t\t\t\t\t\t\t\t\n\t\t\t\t\t<\/ul>\t\t\t\t\t\n\t\t\t\t<!-- button -->\n\t\t\t\t\t\t\t\t\n\t\t\t<\/div>\t\t\n\n\t\t\t\t\t\t<\/div>\n\t\t\t\t<\/div>\n\t\t\t\t<div class=\"elementor-element elementor-element-5cabe88 poket-star-rating--align-center elementor-widget elementor-widget-witr_section_apartment\" data-id=\"5cabe88\" data-element_type=\"widget\" data-widget_type=\"witr_section_apartment.default\">\n\t\t\t\t<div class=\"elementor-widget-container\">\n\t\t\t\t\t\n\t\t\t\t\t<div class=\"apartment_area\">\t\t\t\t\n\t\t\t\t\t\t<div class=\"apartment_text\">\t\t\n\t\t\t\t\t\t\t<!-- title -->\n\t\t\t\t\t\t\t\t\t\n\t\t\t\t\t\t\t<!-- content -->\n\t\t\t\t\t\t\t\t\t\t\t\t\t\t\t<h2>Contatti <\/h2>\t\t\n\t\t\t\t\t\t\t\t\t\t\t\t\t\t\n\t\t\t\t\t\t<\/div>\t\t\n\t\t\t\t\t\t<div class=\"witr_apartment_form\">\t\t\t\t\t\n\t\t\t\t\t\t\n<div class=\"wpcf7 no-js\" id=\"wpcf7-f11535-o1\" lang=\"en-US\" dir=\"ltr\" data-wpcf7-id=\"11535\">\n<div class=\"screen-reader-response\"><p role=\"status\" aria-live=\"polite\" aria-atomic=\"true\"><\/p> <ul><\/ul><\/div>\n<form action=\"\/index.php\/wp-json\/wp\/v2\/pages\/12026#wpcf7-f11535-o1\" method=\"post\" class=\"wpcf7-form init\" aria-label=\"Contact form\" novalidate=\"novalidate\" data-status=\"init\">\n<fieldset class=\"hidden-fields-container\"><input type=\"hidden\" name=\"_wpcf7\" value=\"11535\" \/><input type=\"hidden\" name=\"_wpcf7_version\" value=\"6.1.5\" \/><input type=\"hidden\" name=\"_wpcf7_locale\" value=\"en_US\" \/><input type=\"hidden\" name=\"_wpcf7_unit_tag\" value=\"wpcf7-f11535-o1\" \/><input type=\"hidden\" name=\"_wpcf7_container_post\" value=\"0\" \/><input type=\"hidden\" name=\"_wpcf7_posted_data_hash\" value=\"\" \/>\n<\/fieldset>\n<div class=\"row\">\n\t<div class=\"col-lg-12\">\n\t\t<div class=\"twr_form_box\">\n\t\t\t<p><span class=\"wpcf7-form-control-wrap\" data-name=\"text-30\"><input size=\"40\" maxlength=\"400\" class=\"wpcf7-form-control wpcf7-text wpcf7-validates-as-required form-control\" aria-required=\"true\" aria-invalid=\"false\" placeholder=\"Nome*\" value=\"\" type=\"text\" name=\"text-30\" \/><\/span>\n\t\t\t<\/p>\n\t\t<\/div>\n\t<\/div>\n\t<div class=\"col-lg-12\">\n\t\t<div class=\"twr_form_box\">\n\t\t\t<p><span class=\"wpcf7-form-control-wrap\" data-name=\"number-19\"><input class=\"wpcf7-form-control wpcf7-number wpcf7-validates-as-required wpcf7-validates-as-number form-control\" aria-required=\"true\" aria-invalid=\"false\" placeholder=\"Telefono*\" value=\"\" type=\"number\" name=\"number-19\" \/><\/span>\n\t\t\t<\/p>\n\t\t<\/div>\n\t<\/div>\n\t<div class=\"col-lg-12\">\n\t\t<div class=\"twr_form_box\">\n\t\t\t<p><span class=\"wpcf7-form-control-wrap\" data-name=\"email-380\"><input size=\"40\" maxlength=\"400\" class=\"wpcf7-form-control wpcf7-email wpcf7-validates-as-required wpcf7-text wpcf7-validates-as-email form-control\" aria-required=\"true\" aria-invalid=\"false\" placeholder=\"Email*\" value=\"\" type=\"email\" name=\"email-380\" \/><\/span>\n\t\t\t<\/p>\n\t\t<\/div>\n\t<\/div>\n\t<div class=\"col-lg-12 col-md-12\">\n\t\t<div class=\"twr_form_box \">\n\t\t\t<p><span class=\"wpcf7-form-control-wrap\" data-name=\"textarea\"><textarea cols=\"40\" rows=\"6\" maxlength=\"2000\" class=\"wpcf7-form-control wpcf7-textarea wpcf7-validates-as-required form-control\" aria-required=\"true\" aria-invalid=\"false\" placeholder=\"Messaggio*\" name=\"textarea\"><\/textarea><\/span>\n\t\t\t<\/p>\n\t\t<\/div>\n\t\t<p><button type=\"submit\" class=\"btn btn-primary\">Invia Messaggio<\/button>\n\t\t<\/p>\n\t<\/div>\n<\/div><p style=\"display: none !important;\" class=\"akismet-fields-container\" data-prefix=\"_wpcf7_ak_\"><label>&#916;<textarea name=\"_wpcf7_ak_hp_textarea\" cols=\"45\" rows=\"8\" maxlength=\"100\"><\/textarea><\/label><input type=\"hidden\" id=\"ak_js_1\" name=\"_wpcf7_ak_js\" value=\"236\"\/><script>document.getElementById( \"ak_js_1\" ).setAttribute( \"value\", ( new Date() ).getTime() );<\/script><\/p><div class=\"wpcf7-response-output\" aria-hidden=\"true\"><\/div>\n<\/form>\n<\/div>\n\t\t\t\t\t\t\t\t\n\t\t\t\t\t\t<\/div>\n\t\t\t\t\t<\/div>\t\t\t\t\t\n\t\t\n\t\t\t\t\t\t<\/div>\n\t\t\t\t<\/div>\n\t\t\t\t\t<\/div>\n\t\t<\/div>\n\t\t\t\t\t<\/div>\n\t\t<\/section>\n\t\t\t\t<\/div>\n\t\t","protected":false},"excerpt":{"rendered":"<p>Recuperi Ambientali Grazie all\u2019utilizzo di apposite tecniche agronomiche combinate a sistemi base di ingegneria naturalistica, VERDE BRILLANTE pu\u00f2 eseguire innumerevoli sistemazioni e messa in sicurezza di scarpate e pendii. In questo modo \u00e8 cos\u00ec possibile valutarne la pericolosit\u00e0 e ottenere il miglior risultato estetico e funzionale, rendendo inoltre sfruttabili aree che altrimenti sarebbero soltanto luoghi [&hellip;]<\/p>\n","protected":false},"author":1,"featured_media":0,"parent":0,"menu_order":0,"comment_status":"closed","ping_status":"closed","template":"","meta":{"_vp_format_video_url":"","_vp_image_focal_point":[],"footnotes":""},"class_list":["post-12026","page","type-page","status-publish","hentry"],"_links":{"self":[{"href":"https:\/\/verdebrillante.it\/index.php\/wp-json\/wp\/v2\/pages\/12026","targetHints":{"allow":["GET"]}}],"collection":[{"href":"https:\/\/verdebrillante.it\/index.php\/wp-json\/wp\/v2\/pages"}],"about":[{"href":"https:\/\/verdebrillante.it\/index.php\/wp-json\/wp\/v2\/types\/page"}],"author":[{"embeddable":true,"href":"https:\/\/verdebrillante.it\/index.php\/wp-json\/wp\/v2\/users\/1"}],"replies":[{"embeddable":true,"href":"https:\/\/verdebrillante.it\/index.php\/wp-json\/wp\/v2\/comments?post=12026"}],"version-history":[{"count":43,"href":"https:\/\/verdebrillante.it\/index.php\/wp-json\/wp\/v2\/pages\/12026\/revisions"}],"predecessor-version":[{"id":12830,"href":"https:\/\/verdebrillante.it\/index.php\/wp-json\/wp\/v2\/pages\/12026\/revisions\/12830"}],"wp:attachment":[{"href":"https:\/\/verdebrillante.it\/index.php\/wp-json\/wp\/v2\/media?parent=12026"}],"curies":[{"name":"wp","href":"https:\/\/api.w.org\/{rel}","templated":true}]}}